+ 5*v + 1275, 0 = -3*f + 2*f - 3*v - 257. Let g = 423 + f. What is the hundreds digit of g?
1
Suppose 724 = r - 130. What is the units digit of r?
4
What is the hundreds digit of (-6 - (-28446)/30) + (-2)/10?
9
Suppose 34*l = 41151 + 34839. What is the tens digit of l?
3
Suppose 5*i - 4*r - 21 = 0, 2*i + 2 = 5*r + 7. Suppose -5*w + 510 = 3*p, i*p + 565 = 5*w + 55. What is the units digit of w?
2
Suppose -5*h = -15, 4*x + 5*h = 5*x - 300. What is the units digit of x?
5
Suppose 4*p + 540 = 9*p. Let u = p + 96. What is the units digit of u?
4
Suppose -101601 = -38*x + 8219. What is the tens digit of x?
9
Let c = 5247 + -1418. What is the hundreds digit of c?
8
Let f be -4 - -8 - 98*2. Let y = 274 + f. What is the tens digit of y?
8
Let t(m) = 83*m - 14. Let u be t(-9). What is the units digit of 0 + u/(-11) + (-4)/22?
9
Let f(s) = 6*s**2 - 3. Let g be f(6). Suppose -o = o, 3*l + o - g = 0. What is the tens digit of l?
7
Suppose -8 = d - 7. What is the units digit of 5*(4 - 2 - 3)/d?
5
Let u(m) = -2*m**3 - 19*m**2 + 13*m + 76. What is the hundreds digit of u(-14)?
6
Suppose -172 + 1 = -3*z. Let t = z + 112. Suppose 3*m - m - 4*a - 58 = 0, -4*a = -5*m + t. What is the tens digit of m?
3
Suppose -5*x + 4*x = 3*b + 3, -2*x + 2*b = -10. What is the tens digit of (-9)/(-2)*26/x?
3
Let s = 19 - 64. Let r = 18 - s. What is the units digit of r?
3
What is the thousands digit of 3118*((-2)/(-6) + 8/48)?
1
What is the hundreds digit of 20198/14 - (-5 + (-495)/(-105))?
4
Let u(r) = 51 + 34 - r**2 - 11. What is the units digit of u(0)?
4
Suppose 3429 = i - 4*r, 8*i - r + 3444 = 9*i. What is the hundreds digit of i?
4
Suppose 0 = -8*a + 10*a + 4*k - 494, 0 = a + 4*k - 243. What is the hundreds digit of a?
2
What is the units digit of 26/39 + (-284)/(-6)?
8
Suppose 24 = -4*q - 4*h, h + 2 = -q + 2*h. Let l be 27/18 + 18/q. Let a = l + 12. What is the units digit of a?
9
Suppose 25*m - 21*m + 4 = 0. What is the units digit of (-15)/(-2)*m*-2*5?
5
What is the hundreds digit of ((-3515)/(-38))/37*(-1948)/(-10)?
4
What is the hundreds digit of ((-15192)/(-2))/(-2)*(-20)/40?
8
Let t(h) = h**3 + 20*h**2 - 10*h - 20. Let r be t(-20). Suppose -r = -4*o - 2*y, 9*o - 98 = 7*o + y. What is the units digit of o?
7
Suppose 2599 = -33*u + 38734. What is the hundreds digit of u?
0
Let i = 214 + 118. Suppose 5*l - 5*d + d - 550 = 0, 0 = 3*l - 2*d - i. What is the hundreds digit of l?
1
Suppose 2*l - 4*l = -6. Suppose -l*o = -k - 0*k - 50, 0 = 2*k - 2*o + 80. What is the tens digit of k/14*4/(-1)?
1
Let a be -4 - (-3)/((-3)/3). Let b(m) = -4*m**2 - 2. Let x be b(2). Let d = a - x. What is the tens digit of d?
1
Let i(p) = 8*p - 6. Let y be i(2). Suppose 3*d = 5*w - 56, 3*d + 6 + y = w. Suppose 4*n - 210 = w. What is the tens digit of n?
5
Let k(z) = 2*z**3 + z. Let x be k(1). Suppose -x - 13 = 2*r. Let d = 0 - r. What is the units digit of d?
8
Suppose c = -4*d + 6 + 44, 19 = d - 3*c. Let r = -3 + d. Let w(a) = a**2 - 7*a + 5. What is the units digit of w(r)?
5
Let s = 5 + -1. Suppose s*d = -2 + 14. Suppose -4*q + d*a = -104, -q + 15 = a - 4. What is the units digit of q?
3
Suppose 0 = 4*k - 0*k + 24. Let y be k*((-5)/(-1) + -2). What is the units digit of ((-3)/6*y)/1?
9
Let j(h) = 16*h + 2. Suppose -4*l + 23 = 3*g - 0*g, 30 = 3*g - 3*l. What is the hundreds digit of j(g)?
1
What is the hundreds digit of (-3)/4 + 28861/76?
3
Let p(q) = 62*q**2 + 12*q - 1. What is the hundreds digit of p(2)?
2
Let x = 47 - 20. Suppose 3*g - x = 84. What is the units digit of g?
7
Suppose 0 = -7*g + 5*g - 4*k + 524, -5*k = 2*g - 519. What is the units digit of g?
2
Suppose -4*y - 4*o + 1700 = 0, o = 4*y + 380 - 2095. What is the tens digit of y?
2
Let l(j) = -j**2 + 7*j - 5. Let p be l(6). Let k be (2 - p) + 12/(-3). Let x = 0 - k. What is the units digit of x?
3
What is the hundreds digit of 5340/10 + 0 + -2?
5
What is the tens digit of 36/(-45) + (-43590)/(-50)?
7
Suppose -5*f + 19 = -4*f. Let m = f + -19. Suppose m = 2*q - 11 - 9. What is the units digit of q?
0
Suppose -3 = 4*j + 5. What is the tens digit of -201*(-10)/105 - j/(-14)?
1
Suppose -6*u - 408 - 288 = 0. Let k = u + 257. What is the units digit of k?
1
Let j(g) = -g - 14. Let a be j(-22). Suppose 0 = 2*t + q - 105, -5*t + a*t + 5*q = 168. What is the tens digit of t?
5
Let c = -26 + 27. Let a(u) = 34*u**3 - 2*u + 1. Let w be a(c). Suppose -2*i + i + w = 0. What is the tens digit of i?
3
Suppose -2*w = -3*w + 14. Let p(s) = s**3 - 12*s**2 - 23*s - 6. What is the tens digit of p(w)?
6
Let a(t) = -86*t**3 + t + 4. What is the tens digit of a(-2)?
9
Suppose 2*x - 6*x + 292 = 0. Suppose 0 = 5*t - 2*z - 523, -t - 4*z = -4 - 83. Let m = t - x. What is the units digit of m?
0
Suppose 2*w = 5*k - 2126, 0 = k - 3*w - 415 - 5. What is the units digit of k?
6
Let k = 16 + -23. Let q(z) be the third derivative of -z**5/60 - z**4/3 - z**3/2 - 5*z**2. What is the units digit of q(k)?
4
Suppose -49*v = -53*v + 584. What is the units digit of v?
6
Suppose l = -t - 15, 0 = 2*l - t - 8 + 23. What is the units digit of (l/(-4))/((-1)/(-22))?
5
Suppose 4*x = 6 + 2. Suppose 168 = x*n - 4*q, 251 = 3*n - q - 4*q. What is the units digit of n?
2
Let y = 1871 - 64. What is the thousands digit of y?
1
Let b(l) = -14*l - 24. Let h(p) = -p**2 + 8*p - 18. Let k be h(7). What is the units digit of b(k)?
0
Suppose 667 - 70 = 3*x + 3*l, 4*x - 802 = 2*l. What is the hundreds digit of x?
2
Let i be 27/(-18) - (-2)/(-4). What is the units digit of (2 + 6/9 + i)*87?
8
Let q(v) = v**3 - 17*v**2 - v + 21. Let h be q(17). Suppose x + h*r = 21, -4*x - r + 1 = -23. What is the units digit of x?
5
Let i be 2 + -5 + -1 + 7. Suppose -50 = -0*s + i*s - 4*c, 0 = -5*s - 4*c - 30. Let m = s - -42. What is the units digit of m?
2
Let q(f) = f**2 - f. Let l(s) = -14*s**2 + s - 2. Let o(c) = l(c) + q(c). Let d be o(2). What is the units digit of (-714)/d - (-2)/(-9)?
3
Let j(z) be the third derivative of 53*z**4/24 + z**3/2 - 30*z**2. What is the tens digit of j(1)?
5
Suppose j - 3*j - 4*b + 8 = 0, -1 = -4*j - 5*b. What is the units digit of (-465)/(-10)*(-8)/j?
2
Let i = -3876 + 8851. What is the units digit of i?
5
Let b be 1/(-3) - (-100)/30. Suppose b = -4*z + 31. What is the units digit of z?
7
Let u = -74 - -75. Suppose -5*d + 3 + 5 = 4*p, p + 2*d - 2 = 0. Suppose p*i - 13 = -u. What is the units digit of i?
6
Let b(z) = 2210*z**2 - 10*z + 10. What is the tens digit of b(1)?
1
Suppose 0 = -4*l + 4*p + 556, -l + 12*p + 137 = 13*p. What is the hundreds digit of l?
1
Suppose -a = -0*a, 0 = -3*v - 4*a + 24. Suppose 0 = v*s - 4*s - 224. What is the units digit of s?
6
Let s(y) = y**2 - 9*y + 10. Let p be s(8). Let u = 0 - p. Let n(q) = -3*q**3 - 2*q**2 + q - 2. What is the tens digit of n(u)?
1
Let u(h) = 3*h + 40. Suppose 5*d - 36 = 8*d. What is the units digit of u(d)?
4
Let p = -104 - -332. Let h(g) = g**2 + g - 2. Let u be h(-4). Suppose -u*c + p = -6*c. What is the tens digit of c?
5
What is the thousands digit of ((-3)/(-2))/1*2865008/723?
5
Let z(d) = -3*d**2 - 4*d - 14. Let x be z(5). Let r = x + 195. What is the tens digit of r?
8
Suppose -3*s - 9 - 249 = 0. Let b be 9 - -117 - (2 + 1). Let n = s + b. What is the units digit of n?
7
Let s(n) = 0*n**2 - n**2 + 3 - 2*n - 3*n**3 + 0*n + 2*n**2. What is the units digit of s(-2)?
5
What is the tens digit of -5 + ((-3247)/(-17))/(3/24)?
2
Let s(v) = 27*v**2 - 5*v + 5. What is the units digit of s(3)?
3
Let u(n) = 482*n**2 + 19*n + 57. What is the thousands digit of u(-3)?
4
Let t(o) = -o**2 - 11 - 25*o + 4*o + 0*o + 12*o - o**3. What is the units digit of t(-6)?
3
Let z(w) = -w + 9. Let u be z(7). Let l(t) = -5*t + u + 0*t**2 - 3 + 2*t**2 + 3*t. What is the tens digit of l(4)?
2
Let n = -1 + 6. Suppose 82 = 4*b + v, n*b + 0*v + 4*v = 97. Suppose -2*u + b = -3. What is the units digit of u?
2
Suppose 10*x - 2360 = 2*x. What is the hundreds digit of x?
2
Let h = -4523 - -6411. What is the hundreds digit of h?
8
Suppose 57 - 21 = 4*q. Suppose 12*w - 123 = q*w. What is the units digit of 2 + w - (-12)/6?
5
Let q(g) = -12*g + 22. Let x(a) = 11*a - 21. Let w(l) = -6*q(l) - 5*x(l). What is the units digit of w(8)?
9
Let i(r) = 4*r**2 - 9*r + 15. What is the units digit of i(7)?
8
Let i = 579 - -200. What is the hundreds digit of 